s divided by 79298?
11
What is the remainder when 4668048 is divided by 31?
6
Calculate the remainder when 2749213 is divided by 57.
46
Calculate the remainder when 11380881 is divided by 118.
17
What is the remainder when 93038 is divided by 444?
242
Calculate the remainder when 247207 is divided by 30797.
831
Calculate the remainder when 1048130 is divided by 262.
130
What is the remainder when 778784 is divided by 341?
281
Calculate the remainder when 284021992 is divided by 310.
302
What is the remainder when 8996925 is divided by 3863?
3861
What is the remainder when 48823375 is divided by 17125?
0
Calculate the remainder when 30530 is divided by 4353.
59
Calculate the remainder when 54741404 is divided by 11206.
94
Calculate the remainder when 5604222 is divided by 1453.
1
Calculate the remainder when 24209 is divided by 1143.
206
What is the remainder when 268154696 is divided by 101?
100
Calculate the remainder when 2133708 is divided by 30.
18
Calculate the remainder when 851539 is divided by 12749.
10105
Calculate the remainder when 51916072 is divided by 508.
504
What is the remainder when 21664650 is divided by 1477?
14
What is the remainder when 2854797 is divided by 7320?
7317
Calculate the remainder when 477923 is divided by 244.
171
Calculate the remainder when 135415 is divided by 811.
789
What is the remainder when 45087 is divided by 44207?
880
Calculate the remainder when 319184 is divided by 6374.
484
What is the remainder when 21133 is divided by 21121?
12
Calculate the remainder when 10859608 is divided by 593.
592
What is the remainder when 1699794 is divided by 424946?
10
What is the remainder when 75534057 is divided by 1592?
25
What is the remainder when 1964885 is divided by 59?
8
What is the remainder when 669102 is divided by 395?
367
Calculate the remainder when 13281 is divided by 4302.
375
Calculate the remainder when 10724498 is divided by 6090.
8
Calculate the remainder when 253946 is divided by 1045.
11
Calculate the remainder when 53976 is divided by 221.
52
Calculate the remainder when 28640802 is divided by 413.
78
What is the remainder when 2244168 is divided by 335?
3
Calculate the remainder when 1507405 is divided by 1507404.
1
Calculate the remainder when 8831776 is divided by 4248.
184
Calculate the remainder when 2518606 is divided by 5119.
58
Calculate the remainder when 770396 is divided by 14313.
11807
What is the remainder when 728668541 is divided by 15?
11
Calculate the remainder when 1153595 is divided by 576789.
17
Calculate the remainder when 223213370 is divided by 25.
20
Calculate the remainder when 32051297 is divided by 10683759.
20
Calculate the remainder when 7329233 is divided by 180.
173
What is the remainder when 171944 is divided by 157?
29
Calculate the remainder when 3819243 is divided by 954799.
47
Calculate the remainder when 11232983 is divided by 16.
7
Calculate the remainder when 797846 is divided by 8225.
21
What is the remainder when 5471549 is divided by 193?
192
Calculate the remainder when 18776808 is divided by 188.
120
What is the remainder when 273512 is divided by 826?
106
What is the remainder when 34602770 is divided by 147?
146
What is the remainder when 234819457 is divided by 438096?
1
What is the remainder when 40920315 is divided by 3410023?
39
Calculate the remainder when 73232 is divided by 250.
232
What is the remainder when 2313258 is divided by 41308?
10
What is the remainder when 1373627 is divided by 127?
122
What is the remainder when 27546213 is divided by 171?
165
Calculate the remainder when 11167202 is divided by 1057.
1054
What is the remainder when 120044 is divided by 24?
20
Calculate the remainder when 678301 is divided by 10434.
91
What is the remainder when 434830269 is divided by 497?
496
Calculate the remainder when 48300891 is divided by 1070.
21
What is the remainder when 228985 is divided by 412?
325
What is the remainder when 1129444 is divided by 358?
312
What is the remainder when 397730 is divided by 4328?
3882
Calculate the remainder when 35632274 is divided by 141.
23
Calculate the remainder when 93582 is divided by 23231.
658
What is the remainder when 15125382 is divided by 889726?
40
Calculate the remainder when 1744568 is divided by 581521.
5
What is the remainder when 774879 is divided by 154942?
169
Calculate the remainder when 86368301 is divided by 43184150.
1
Calculate the remainder when 4249270 is divided by 1669.
1665
Calculate the remainder when 346339 is divided by 3785.
1904
Calculate the remainder when 19157963 is divided by 1915796.
3
Calculate the remainder when 207291 is divided by 69032.
195
What is the remainder when 396572 is divided by 7614?
644
What is the remainder when 588966 is divided by 246?
42
What is the remainder when 2087892 is divided by 695888?
228
Calculate the remainder when 9402340 is divided by 45.
40
What is the remainder when 3169425 is divided by 148?
5
Calculate the remainder when 35456 is divided by 141.
65
What is the remainder when 17978944 is divided by 9364?
64
Calculate the remainder when 81798 is divided by 7427.
101
What is the remainder when 96495103 is divided by 3?
1
Calculate the remainder when 662281 is divided by 132455.
6
What is the remainder when 83287 is divided by 121?
39
What is the remainder when 324881 is divided by 82?
79
What is the remainder when 2332837 is divided by 2837?
823
Calculate the remainder when 55140883 is divided by 115.
108
What is the remainder when 1848275838 is divided by 40?
38
What is the remainder when 784781 is divided by 4330?
1051
What is the remainder when 46398 is divided by 162?
66
What is the remainder when 166771 is divided by 23811?
94
What is the remainder when 14985476 is divided by 1431?
44
What is the remainder when 148112 is divided by 2845?
172
Calculate the remainder when 109260689 is divided by 53376.
17
What is the remainder when 97656004 is divided by 1528?
1524
Calculate the remainder when 3781791 is divided by 119.
90
What is the remainder when 565944 is divided by 2408?
64
Calculate the remainder when 9950338 is divided by 83.
49
What is the remainder when 1738985 is divided by 2823?
17
What is the remainder when 13884 is divided by 3602?
3078
Calculate the remainder when 4351526 is divided by 1450466.
128
Calculate the remainder when 1465706 is divided by 788.
26
Calculate the remainder when 32683230 is divided by 32683219.
11
Calculate the remainder when 293049 is divided by 4331.
2872
What is the remainder when 439787 is divided by 130?
127
What is the remainder when 94051877 is divided by 130?
127
What is the remainder when 315341119 is divided by 4384?
4383
What is the remainder when 505284 is divided by 29654?
1166
Calculate the remainder when 14715598 is divided by 75.
73
Calculate the remainder when 25247913 is divided by 1606.
1593
Calculate the remainder when 551040 is divided by 489.
426
What is the remainder when 5736481 is divided by 456?
1
What is the remainder when 2734130 is divided by 248543?
157
What is the remainder when 9507 is divided by 1388?
1179
What is the remainder when 743587 is divided by 319?
317
Calculate the remainder when 441215 is divided by 23197.
472
What is the remainder when 1296270 is divided by 286?
118
What is the remainder when 18391784 is divided by 1021761?
86
What is the remainder when 322637 is divided by 4084?
1
What is the remainder when 25509142 is divided by 1037?
1016
What is the remainder when 6455906 is divided by 57642?
2
Calculate the remainder when 482354666 is divided by 224.
10
What is the remainder when 1027074 is divided by 341156?
3606
Calculate the remainder when 125511 is divided by 937.
890
Calculate the remainder when 3026590 is divided by 967.
847
Calculate the remainder when 267983 is divided by 455.
443
What is the remainder when 125441 is divided by 79?
68
Calculate the remainder when 101274 is divided by 4034.
424
Calculate the remainder when 195912593 is divided by 69.
65
What is the remainder when 93633750 is divided by 1017758?
14
What is the remainder when 12313 is divided by 11959?
354
What is the remainder when 199247 is divided by 3440?
3167
Calculate the remainder when 104271 is divided by 266.
265
What is the remainder when 6255389 is divide